 when 1142069 is divided by 51.
26
What is the remainder when 2387253 is divided by 91?
50
What is the remainder when 158660 is divided by 26159?
1706
What is the remainder when 1064824 is divided by 531153?
2518
What is the remainder when 7453135 is divided by 1390?
1345
What is the remainder when 23732350 is divided by 1681?
1673
What is the remainder when 161336 is divided by 112?
56
Calculate the remainder when 5402 is divided by 5050.
352
What is the remainder when 601406 is divided by 194?
6
What is the remainder when 2607563 is divided by 113371?
30
Calculate the remainder when 2236403 is divided by 2724.
2723
Calculate the remainder when 44032 is divided by 3492.
2128
Calculate the remainder when 1242453 is divided by 399.
366
What is the remainder when 2481144 is divided by 46?
42
What is the remainder when 7041293 is divided by 100?
93
Calculate the remainder when 13524335 is divided by 28960.
15
What is the remainder when 1860069 is divided by 371858?
779
Calculate the remainder when 297127 is divided by 1285.
292
What is the remainder when 8369245 is divided by 32?
29
What is the remainder when 35301 is divided by 5854?
177
Calculate the remainder when 15833562 is divided by 14.
10
What is the remainder when 20823857 is divided by 371?
369
Calculate the remainder when 32420 is divided by 15211.
1998
What is the remainder when 483082 is divided by 24154?
2
What is the remainder when 272657 is divided by 63?
56
Calculate the remainder when 1155384 is divided by 3359.
3247
What is the remainder when 5425 is divided by 3217?
2208
Calculate the remainder when 3703750 is divided by 75.
25
What is the remainder when 3505538 is divided by 3644?
10
Calculate the remainder when 2504312 is divided by 1640.
32
Calculate the remainder when 852407 is divided by 231.
17
What is the remainder when 131317 is divided by 271?
153
Calculate the remainder when 611050 is divided by 611050.
0
What is the remainder when 129842 is divided by 48?
2
Calculate the remainder when 4397573 is divided by 285.
23
What is the remainder when 34962 is divided by 647?
24
Calculate the remainder when 2588131 is divided by 15591.
25
Calculate the remainder when 115828016 is divided by 330.
326
What is the remainder when 5964293 is divided by 81?
20
What is the remainder when 24472945 is divided by 141?
139
Calculate the remainder when 1720322 is divided by 1436.
1430
What is the remainder when 2148594 is divided by 429716?
14
Calculate the remainder when 39502376 is divided by 759661.
4
Calculate the remainder when 21143429 is divided by 919.
915
Calculate the remainder when 70308 is divided by 1583.
656
Calculate the remainder when 1086970 is divided by 85.
75
What is the remainder when 69042 is divided by 2985?
387
Calculate the remainder when 4061498 is divided by 12976.
10
Calculate the remainder when 528200 is divided by 13900.
0
What is the remainder when 74016 is divided by 3349?
338
Calculate the remainder when 1736227 is divided by 434052.
19
Calculate the remainder when 579290 is divided by 193067.
89
What is the remainder when 201041899 is divided by 5?
4
Calculate the remainder when 1727575 is divided by 359.
67
Calculate the remainder when 783384 is divided by 1692.
1680
Calculate the remainder when 4108583 is divided by 24.
23
What is the remainder when 737872 is divided by 946?
938
Calculate the remainder when 2787618 is divided by 1725.
18
What is the remainder when 378510 is divided by 1811?
11
What is the remainder when 4749386 is divided by 11176?
10762
Calculate the remainder when 420318 is divided by 517.
514
What is the remainder when 2445268 is divided by 292?
60
What is the remainder when 859063 is divided by 214762?
15
Calculate the remainder when 107286 is divided by 1577.
50
What is the remainder when 182974 is divided by 190?
4
What is the remainder when 124922 is divided by 6321?
4823
What is the remainder when 33444934 is divided by 437?
13
Calculate the remainder when 26390847 is divided by 56.
7
Calculate the remainder when 24891361 is divided by 45257.
11
Calculate the remainder when 1585203 is divided by 396291.
39
Calculate the remainder when 463088 is divided by 76895.
1718
What is the remainder when 26254406 is divided by 1347?
29
What is the remainder when 11427 is divided by 11357?
70
What is the remainder when 11220604 is divided by 155?
154
Calculate the remainder when 111679 is divided by 492.
487
Calculate the remainder when 191886 is divided by 2155.
91
What is the remainder when 2099223 is divided by 110485?
8
What is the remainder when 54565270 is divided by 36?
34
What is the remainder when 53593366 is divided by 26?
8
What is the remainder when 791259 is divided by 1866?
75
What is the remainder when 10768585 is divided by 6903?
6808
What is the remainder when 64385612 is divided by 56?
4
Calculate the remainder when 702749 is divided by 19507.
497
What is the remainder when 31530 is divided by 1350?
480
Calculate the remainder when 2781001 is divided by 51500.
1
What is the remainder when 152692 is divided by 6317?
1084
What is the remainder when 5299844 is divided by 43086?
266
Calculate the remainder when 17057071 is divided by 5685687.
10
Calculate the remainder when 62393063 is divided by 1128.
1127
Calculate the remainder when 24609584 is divided by 274.
0
Calculate the remainder when 11207 is divided by 1147.
884
Calculate the remainder when 539497 is divided by 89912.
25
What is the remainder when 10139468 is divided by 106?
38
Calculate the remainder when 3484013 is divided by 1340.
13
Calculate the remainder when 1843849 is divided by 614612.
13
What is the remainder when 42565235 is divided by 101?
98
What is the remainder when 8789662 is divided by 9?
1
Calculate the remainder when 1476313 is divided by 591.
586
Calculate the remainder when 15748574 is divided by 194.
42
What is the remainder when 24479 is divided by 12030?
419
What is the remainder when 18011187 is divided by 1200745?
12
What is the remainder when 46253 is divided by 9300?
9053
What is the remainder when 21208239 is divided by 398?
13
Calculate the remainder when 710217 is divided by 1561.
1523
What is the remainder when 1090665 is divided by 3246?
9
Calculate the remainder when 561293 is divided by 11.
7
Calculate the remainder when 12395781 is divided by 53430.
21
What is the remainder when 365742 is divided by 20319?
0
What is the remainder when 2591853 is divided by 424?
365
Calculate the remainder when 663468 is divided by 3.
0
What is the remainder when 110001 is divided by 1695?
1521
What is the remainder when 682263 is divided by 136451?
8
What is the remainder when 2405003 is divided by 46250?
3
Calculate the remainder when 6395947 is divided by 54664.
259
Calculate the remainder when 4413306 is divided by 1477.
30
What is the remainder when 26569861 is divided by 9?
7
What is the remainder when 3040644 is divided by 161?
159
Calculate the remainder when 31054 is divided by 423.
175
Calculate the remainder when 34713612 is divided by 1119791.
91
Calculate the remainder when 9064 is divided by 1460.
304
What is the remainder when 2993825 is divided by 771?
32
What is the remainder when 5339773 is divided by 14?
5
Calculate the remainder when 166612 is divided by 99.
94
Calculate the remainder when 2511829 is divided by 2289.
796
What is the remainder when 128872 is divided by 128858?
14
What is the remainder when 12389 is divided by 3741?
1166
What is the remainder when 118458 is divided by 29581?
134
What is the remainder when 239288 is divided by 454?
30
Calculate the remainder when 114203 is divided by 560.
523
What is the remainder when 22853499 is divided by 76?
71
What is the remainder when 313817 is divided by 1053?
23
Calculate the remainder when 1192112 is divided by 62739.
71
What is the remainder when 15975687 is divided by 238443?
6
What is the remainder when 5132047 is divided by 1398?
1387
Calculate the remainder when 1141285 is divided by 28523.
365
Calculate the remainder when 877468 is divided by 270.
238
What is the remainder when 679255 is divided by 969?
955
What is the remainder when 4417690 is divided by 190?
0
Calculate the remainder when 272988971 is divided by 9.
8
Calculate the remainder when 10104278 is 